{"version":"1.0","provider_name":"Priorat Enoturisme","provider_url":"https:\/\/www.prioratenoturisme.com\/es\/","author_name":"admin","author_url":"https:\/\/www.prioratenoturisme.com\/es\/author\/info_7igyc0mu\/","title":"Vuelve la Feria del Vino de Falset - Priorat Enoturisme","type":"rich","width":600,"height":338,"html":"<blockquote class=\"wp-embedded-content\" data-secret=\"ED0d19Ksn3\"><a href=\"https:\/\/www.prioratenoturisme.com\/es\/vuelve-la-feria-del-vino-de-falset\/\">Vuelve la Feria del Vino de Falset<\/a><\/blockquote><iframe sandbox=\"allow-scripts\" security=\"restricted\" src=\"https:\/\/www.prioratenoturisme.com\/es\/vuelve-la-feria-del-vino-de-falset\/embed\/#?secret=ED0d19Ksn3\" width=\"600\" height=\"338\" title=\"\u00abVuelve la Feria del Vino de Falset\u00bb \u2014 Priorat Enoturisme\" data-secret=\"ED0d19Ksn3\" frameborder=\"0\" marginwidth=\"0\" marginheight=\"0\" scrolling=\"no\" class=\"wp-embedded-content\"><\/iframe><script type=\"text\/javascript\">\n\/* <![CDATA[ *\/\n\/*! This file is auto-generated *\/\n!function(d,l){\"use strict\";l.querySelector&&d.addEventListener&&\"undefined\"!=typeof URL&&(d.wp=d.wp||{},d.wp.receiveEmbedMessage||(d.wp.receiveEmbedMessage=function(e){var t=e.data;if((t||t.secret||t.message||t.value)&&!\/[^a-zA-Z0-9]\/.test(t.secret)){for(var s,r,n,a=l.querySelectorAll('iframe[data-secret=\"'+t.secret+'\"]'),o=l.querySelectorAll('blockquote[data-secret=\"'+t.secret+'\"]'),c=new RegExp(\"^https?:$\",\"i\"),i=0;i<o.length;i++)o[i].style.display=\"none\";for(i=0;i<a.length;i++)s=a[i],e.source===s.contentWindow&&(s.removeAttribute(\"style\"),\"height\"===t.message?(1e3<(r=parseInt(t.value,10))?r=1e3:~~r<200&&(r=200),s.height=r):\"link\"===t.message&&(r=new URL(s.getAttribute(\"src\")),n=new URL(t.value),c.test(n.protocol))&&n.host===r.host&&l.activeElement===s&&(d.top.location.href=t.value))}},d.addEventListener(\"message\",d.wp.receiveEmbedMessage,!1),l.addEventListener(\"DOMContentLoaded\",function(){for(var e,t,s=l.querySelectorAll(\"iframe.wp-embedded-content\"),r=0;r<s.length;r++)(t=(e=s[r]).getAttribute(\"data-secret\"))||(t=Math.random().toString(36).substring(2,12),e.src+=\"#?secret=\"+t,e.setAttribute(\"data-secret\",t)),e.contentWindow.postMessage({message:\"ready\",secret:t},\"*\")},!1)))}(window,document);\n\/\/# sourceURL=https:\/\/www.prioratenoturisme.com\/wp-includes\/js\/wp-embed.min.js\n\/* ]]> *\/\n<\/script>\n","thumbnail_url":"https:\/\/www.prioratenoturisme.com\/wp-content\/uploads\/fira-del-vi.png","thumbnail_width":1080,"thumbnail_height":614,"description":"\u00a1Ya tenemos aqu\u00ed la Feria del Vino de Falset, en la que participan la mayor\u00eda de nuestras bodegas socias! Este a\u00f1o recupera el formato de siempre en el recinto ferial de Falset y mantiene la iniciativa de la edici\u00f3n anterior de ofrecer catas a las bodegas durante todo el mes de mayo. \u00bfQuieres saber m\u00e1s? [&hellip;]"}

¡Ya tenemos aquí la Feria del Vino de Falset, en la que participan la mayoría de nuestras bodegas socias! Este año recupera el formato de siempre en el recinto ferial de Falset y mantiene la iniciativa de la edición anterior de ofrecer catas a las bodegas durante todo el mes de mayo. ¿Quieres saber más? [&hellip;]
